e highest common factor of 62 and q.
31
Suppose 3*g - 5*t + 12 = 0, 0*g - 4*t = -3*g - 15. Let u(n) = n**3 + 12*n**2 + 16*n - 24. Let y be u(g). Calculate the greatest common divisor of y and 50.
25
Let y be 76/(-6)*6*(-2)/8. Let j(k) = y + 3*k**2 - 20 - k**2 + 6*k. Let h be j(-4). What is the highest common factor of 63 and h?
7
Let s be (-273)/234 + 23565/18. What is the greatest common factor of 276 and s?
12
Let u(r) = -23*r**2 - 2179*r - 45. Let g be u(-93). Calculate the greatest common factor of g and 30.
15
Let t be (-271)/(-8) + (-2)/(-16). Suppose -u + 2*g = u - 606, -15 = -5*g. What is the highest common divisor of u and t?
34
Let t(u) = 24*u + 1374. Let d be t(-55). Calculate the highest common divisor of d and 234.
18
Let t = 394 + -277. What is the highest common divisor of 45 and t?
9
Suppose f + 11 = -36. Let u = f - -107. Let y be (-32)/4 + -3 + 31. Calculate the greatest common factor of u and y.
20
Suppose -3593 = -4*r + f, 78*f - 75*f = 19*r - 17072. Calculate the highest common divisor of 29 and r.
29
Suppose -3*r - 6629 = -5*f, -4*r + 3*r + 3*f - 2211 = 0. Let b be 4/36 - r/54. Calculate the greatest common factor of b and 205.
41
Let x = 15744 + -15732. Let f(s) = 16*s**2 - 2*s. Let o be f(3). Calculate the highest common divisor of x and o.
6
Let o be ((-4)/10)/(172/(-52890)). What is the highest common divisor of o and 984?
123
Let x = 296 + -286. Let r be 4/((-32)/(-10))*-4. Let s be r/(-1 + 51/54). What is the greatest common divisor of s and x?
10
Let c = -31 + 45. Let q be (41/6 - (-17)/(-51))*12. Suppose 13*p - 1352 = -q. What is the greatest common factor of p and c?
14
Let o(n) = -n**3 + 5*n**2 + 7*n + 2. Let y be o(5). Let r = 70 - y. Let i = -440 - -443. What is the greatest common divisor of r and i?
3
Suppose 30 = -1538*m + 1543*m. What is the greatest common factor of m and 2166?
6
Let r = -69 + 79. Suppose -h = -r*h + 81. What is the highest common divisor of 1 and h?
1
Suppose 0 = -6*t + 4 - 10. Let o(b) = -16*b**3 + 5*b**2 + 5*b. Let r be o(t). Let u = 250 - 122. What is the greatest common divisor of u and r?
16
Suppose -93*j + 98*j + 140 = 3*s, s + 2*j - 54 = 0. What is the highest common divisor of s and 22050?
50
Let i be 10782/34 + -3 + (-34)/289. Calculate the greatest common divisor of i and 2669.
157
Suppose 74*o = 70*o + 5*y + 83753, y = 4*o - 83749. What is the greatest common factor of 21 and o?
21
Let x(o) = o + o**2 + 2*o**3 + 4 - 2 + 0 - 6*o. Let q = 6 - 3. Let h be x(q). What is the greatest common divisor of 25 and h?
25
Suppose 5*g - 2220 = -3*a, -6*a = 4*g - 7*a - 1793. What is the highest common divisor of g and 1937?
149
Let n = 12920 - 12858. Calculate the highest common factor of 14074 and n.
62
Let z = -6402 - -6762. Calculate the highest common divisor of 320 and z.
40
Let o be 18/(2/(-6) + 1). Let j be 47905/77 - (-72)/(-63). Calculate the highest common factor of o and j.
27
Suppose -2*n = -3*v + 172, -2*n - 47 + 223 = 3*v. Let m = -2069 + 1250. Let q = -181 - m. Calculate the highest common factor of v and q.
58
Let h(r) = 293*r**2 + 4*r - 2. Let i be h(1). Suppose -i + 80 = -2*q - 5*j, 5*j + 310 = 3*q. What is the greatest common divisor of q and 14?
7
Let g be ((-18060)/25)/14*(-15)/6. Suppose -p - 113 = i, i + 2*i + 12 = 0. Let h = g + p. What is the highest common divisor of h and 100?
20
Let k = -170 - -174. Suppose -5*i + 213 = 33. Suppose i = b - 4*f, f - 53 = -4*b + 23. What is the greatest common factor of k and b?
4
Let r = 178 + -136. Suppose 0 = -68*o + 62*o + r. What is the highest common factor of o and 4?
1
Let h be ((-2)/8 + 17290/(-760))*(1 - 52). What is the greatest common factor of 552 and h?
69
Suppose 3*y + 2*i - 201 = 0, 42*y = 38*y + 4*i + 268. Suppose -2*m + 4*m = -b + y, 5*b = 5*m - 205. What is the highest common factor of m and 9?
9
Let s(x) = -33*x + 136. Let d be s(-5). Let c = d + -293. What is the greatest common factor of 72 and c?
8
Let y = 3941 + -2978. Calculate the greatest common divisor of 9 and y.
9
Let q(f) = f**3 + 184*f**2 - 563*f - 52. Let v be q(-187). Calculate the highest common factor of v and 46.
46
Let h = 36 + -6. Let a = 45 + -35. Suppose -h = a*r - 15*r. What is the highest common divisor of 6 and r?
6
Let l = 1476 + -1459. Calculate the greatest common factor of l and 1785.
17
Suppose 3645 = 20*g + 605. What is the highest common factor of g and 1235?
19
Suppose -3*m + 1299 = -4*k - 1975, -4*m = -8. Let y be k/95*5*-2. What is the highest common factor of y and 215?
43
Suppose -4*z = 16*o - 20*o + 2964, 0 = 4*z + 4. What is the highest common divisor of o and 100?
20
Let t(g) = -2*g**3 - 7*g**2. Suppose -4*d + 3*v - 8 = -0*d, 9 = -5*d + 4*v. Let q be t(d). What is the greatest common divisor of 60 and q?
15
Suppose 0 = -d + 2, -o - 8*d + 9*d = -28. What is the greatest common factor of 4890 and o?
30
Suppose b + 5*x - 30 = -0*b, -4*x = 3*b - 46. Suppose -b*s + 816 = -294. Calculate the greatest common factor of 185 and s.
37
Let d(z) = 6388*z + 58. Let l be d(2). Suppose 6*n = -56*n + l. Calculate the greatest common factor of 115 and n.
23
Let h(k) = -977*k + 4025. Let x be h(4). Suppose -4*u + 171 + 89 = 0. What is the highest common divisor of u and x?
13
Let n = -9510 - -9574. Suppose -3*s - 3*o + 297 = 0, 0 = -3*s - 4*o + 8*o + 276. Calculate the highest common divisor of s and n.
32
Let w = -81 - -87. Suppose -5*r + w = -4*h - 6, h - 14 = -3*r. Suppose -3*k - 1 = 5*s - 29, 25 = r*s + 5*k. What is the greatest common factor of 35 and s?
5
Suppose -2*z + 25 = 5*m, 0*m - 5*z - 11 = 2*m. What is the greatest common factor of m and 2317?
7
Let d = 2271 - 2236. Let h(g) = 10*g + 10. Let j be h(6). Calculate the highest common divisor of d and j.
35
Suppose -5*o = -3*f - 917, 2*o + 3*o = -4*f - 1211. Let b be 1/(f/(-100) + -3). What is the greatest common factor of 400 and b?
25
Let q = 13 - 7. Let u be 12*13/390 + 4002/(-5). Let h be -4 + ((-8)/5)/(20/u). Calculate the greatest common factor of q and h.
6
Let a = 103 - 88. Suppose 10*f + 35 = a*f. Suppose f*v - 18 = 5*v. Calculate the greatest common divisor of v and 9.
9
Let t be 0*(-4 + (-22)/(-6)). Suppose 0 = -t*p - 4*p + 392. Let h = 122 - p. Calculate the greatest common divisor of 84 and h.
12
Let w(f) = 12*f**2 - 2*f - 6. Let a be w(7). Let t be (a/(-10))/(14/(-35)). Let v be (-2)/(-6) + t/6. Calculate the highest common divisor of v and 8.
8
Let o = -164 + 168. Let p(g) = g**2 - 5*g - 3. Let v be p(10). Suppose 6*s = -v + 311. What is the highest common factor of s and o?
4
Let f be -6 - 60/(-9) - 64/(-3). Suppose 3680 = 27*r - f*r. Calculate the greatest common factor of 46 and r.
46
Let r be (-1*435/30)/((-1)/2). Suppose 5*q - 3758 = 882. What is the greatest common divisor of q and r?
29
Suppose -4*w + 20 = -0*w. Suppose -250*o + 6308 = -231*o. Suppose o - 2 = w*x. What is the greatest common factor of 22 and x?
22
Suppose 8*p - 12*p = -k - 460, -3*p - 4*k + 326 = 0. What is the highest common factor of p and 2356?
38
Let j(l) = l**2 - 11*l + 70. Let g be j(34). What is the greatest common factor of 12 and g?
12
Let a(x) = -141*x**3 - 5*x**2 - 10*x - 5. Let m be a(-1). Calculate the greatest common divisor of 1175 and m.
47
Let k = 11079 + -6188. What is the greatest common divisor of k and 73?
73
Let t = -88 - -226. Calculate the highest common divisor of t and 114.
6
Let w(u) = -u**2 - 89*u + 446. Let i be w(-43). Calculate the highest common divisor of i and 72.
24
Suppose 91 = 10*l + 4*l - 707. Let m(a) = -a + 7. Let f be m(-12). What is the greatest common factor of f and l?
19
Suppose -5*o = 2*o - 1470. Let b = o - 114. Calculate the highest common factor of 12 and b.
12
Let j be -3 - (9/(-6) - (-1755)/(-10)). Let o = 198 - j. Calculate the greatest common divisor of o and 8.
8
Suppose 0 = -5*k + 2 + 13. Suppose -28 = -2*d - k*q, -3*d = 3*q - 0*q - 48. What is the greatest common factor of d and 130?
10
Let t(s) = 5*s**2 - 266*s - 87. Let u be t(57). What is the greatest common factor of 36 and u?
12
Let a(v) = 649*v + 3916. Let l be a(-2). Calculate the greatest common factor of l and 88.
22
Suppose 0 = -35*m - 8*m + 3483. Calculate the greatest common factor of m and 1863.
81
Suppose -15*w = -27*w + 2208. Calculate the greatest common divisor of w an